(6). Let x = i + -75. What are the prime factors of (9/18)/(x/(-16)) + 93?
89
Suppose 3*a = -w + 1414, -1306 = -5*a + 4*w + 1062. Let o = a + -258. What are the prime factors of o?
2, 107
Let c = 332 - 329. Suppose 2*f - 1269 = -c*a, -f - 4*a + 635 = -3*a. What are the prime factors of f?
2, 3, 53
Let a be ((-8)/5)/(118/885). What are the prime factors of ((-489)/a*-1)/((-11)/572)?
13, 163
Suppose -4*r + 22024 = -24800. List the prime factors of r.
2, 3, 1951
Let o be -57 - -58 - ((-6)/2 + 1). Suppose -o*x + 2*x + 490 = 0. List the prime factors of 10/65 - x/(-26).
19
Let o(m) = -31*m**3 + 15*m**2 + 43*m - 149. List the prime factors of o(-12).
17, 41, 79
Let u = 4996 + -3446. What are the prime factors of u?
2, 5, 31
Let d = -31758 - -38556. List the prime factors of d.
2, 3, 11, 103
Suppose -3*b + b - 6 = -5*q, -2*q + 2 = -b. Suppose 4*g = 3*t - 32 + 10, -g = b*t. What are the prime factors of (-1)/(g/304)*10/8?
5, 19
Let b(n) = 232*n**2 - 45*n + 53. List the prime factors of b(8).
3, 37, 131
Suppose -66*b + 33574 + 94994 = 0. List the prime factors of b.
2, 487
What are the prime factors of 2/(-11) + -8 + (-977928)/(-154)?
2, 3, 7, 151
Let t(k) = 6*k**2 + 55*k - 302. List the prime factors of t(12).
2, 13, 47
Let r be (9/(-6))/(25/10 - 3). Suppose r*q = 9, 52 = 3*k - 4*q - 41. What are the prime factors of k?
5, 7
Let d(a) = -2*a**3 - a**2 - a - 7. Let g be d(-3). Let k = g - 21. Suppose k = 3*j + 7*j. What are the prime factors of j?
2
Suppose -9*f + 15*f = 72. Let i(q) = -8*q + 84. Let y be i(f). Let w(r) = 3*r**2 + 19*r + 12. List the prime factors of w(y).
2, 3
Suppose 7*p - 208 = -6*p. Let r(h) = 1. Let y(j) = j + 9. Let k(l) = -5*r(l) + y(l). What are the prime factors of k(p)?
2, 5
Suppose 17 = 6*b + 299. Let k = 49 + b. Suppose 4*i - 188 = -3*q, 2*i + k*q - 142 = -i. What are the prime factors of i?
2, 5
Suppose 0 = -u - 19 + 14. List the prime factors of 1/(3492/698 + u).
349
Suppose 5*m - 2*t = -1235, -3*m + 5*m = t - 494. Let l = 607 - m. What are the prime factors of l?
2, 7, 61
Let l(a) = a**3 + 35*a**2 - 16*a - 66. What are the prime factors of l(-15)?
2, 3, 19, 41
Let i be (2 - -176)*-2 - 4. Let a = i + 736. What are the prime factors of a?
2, 47
Suppose 0 = 92*b - 490575 + 68912 - 476073. What are the prime factors of b?
2, 7, 17, 41
Let x(v) = 34*v**2. Let j be (-8)/(-12) - 7/(-3). Suppose 5*n + j = -2. List the prime factors of x(n).
2, 17
Let t = -366 + 393. What are the prime factors of 4*(t + 6 + (-2)/(-2))?
2, 17
Suppose -56*l + 178101 = 43*l. List the prime factors of l.
7, 257
What are the prime factors of -3 + 15/5 + -3 + 3 + 5101?
5101
List the prime factors of (-76)/304*(1 - 17229).
59, 73
Let c be 16/(-1)*(-9 - 1). Suppose -11*i + 536 = -3*i. Suppose -72*p = -i*p - c. List the prime factors of p.
2
Let o = 483 - 468. Suppose -o*i + 25888 = 17*i. What are the prime factors of i?
809
Suppose 5*x + 337 = 2*m + 371, -2*x + 1 = m. Suppose 2 - 170 = -3*p. List the prime factors of (m/(p/220))/((-1)/2).
5, 11
Let x(z) = -5*z + 58. Let m be x(11). Suppose m*v - 771 - 198 = 0. What are the prime factors of v?
17, 19
Let q(d) = 3*d + 32. Let n be q(-9). Suppose 5*c = -5*b + 45, 2*c - 36 = -2*c + n*b. What are the prime factors of (60/c)/((-16)/(-312))?
2, 5, 13
Suppose 0 = -4*a - 2*n + 20, -4*n = -2*n - 8. Suppose 2*r + 0*r - 1263 = -v, 0 = -5*r - a*v + 3160. List the prime factors of r.
17, 37
Let d be 90/(-27) - 6*4/(-18). Let b(c) = 114*c**2 - 7*c - 5. What are the prime factors of b(d)?
3, 5, 31
What are the prime factors of (6 - 5)/(((-2)/5770)/((-36)/45))?
2, 577
Let v = 687 - 699. What are the prime factors of (3/2)/(v/(-6792))?
3, 283
Let s = 521 - -12932. What are the prime factors of s?
11, 1223
Let c(p) = 701*p - 3. Let k be c(1). Let y = k + -392. Let z = -154 + y. List the prime factors of z.
2, 19
What are the prime factors of -2*(-1 + 30785/(-10) - (-6 + 12))?
3, 11, 17
Let s = 3487 - -1456. Suppose 6*f = 529 + s. List the prime factors of f.
2, 3, 19
Suppose 32802 = -16*y + 2*y. Let i = 3396 + y. What are the prime factors of i?
3, 13
Let k(i) be the third derivative of -i**6/120 + i**4/4 - 13*i**3/6 + 4*i**2. What are the prime factors of k(-7)?
2, 3
Let m = -157504 - -227597. What are the prime factors of m?
29, 2417
Let a be 0 + 3 - (-4 - -5). Let s = -2 + a. Suppose 5*t + 62 + 26 = y, t - 1 = s. List the prime factors of y.
3, 31
Let k = 703 + 2399. Suppose -3*i + 2*i + k = 5*z, 0 = -z - 4*i + 609. List the prime factors of z.
3, 23
Suppose s - r = r + 6, 0 = -3*s + r + 3. Suppose s = 8*c - 427 - 2813. List the prime factors of c.
3, 5
Let b(c) be the second derivative of 1/6*c**3 + 0 + 1/12*c**4 - 57/10*c**5 + 9*c + 1/2*c**2. What are the prime factors of b(-1)?
5, 23
Suppose 5433 = 6*u - 63849. List the prime factors of u.
3, 1283
Let u be (940/25)/(6/15). Suppose -101*j = -u*j - 2156. List the prime factors of j.
2, 7, 11
Let y be (-3 + 0)*(40/3)/(-2). Let i = y - 19. What are the prime factors of (-58)/(-5) + (i - (-6)/(-10))?
2, 3
Suppose -q - 23 = -5. Let x = 18 + q. Suppose x = 4*h, -b - 4*h + 117 = -13. What are the prime factors of b?
2, 5, 13
Let u = -49 + 21. Suppose 177*y - 171 = 173*y - 3*l, 5*y - l - 209 = 0. List the prime factors of u/y + (-220)/(-6).
2, 3
Let g be ((-116)/(-5))/((-24)/(-60)). Suppose -3680 = g*l - 66*l. List the prime factors of l.
2, 5, 23
Let g(k) = -k**3 - 7*k**2 - k - 8. Let z be g(-6). Let v = 45 + z. Suppose -2*j = 5*m - 293, m + v*j = 4*j + 69. List the prime factors of m.
3, 19
Let r(y) = 347*y - 6487. What are the prime factors of r(105)?
2, 7487
Suppose 5*s = -4*i + 9405, 4*i + s - 1793 = 7592. What are the prime factors of i?
5, 7, 67
Suppose 0 = -3*r - 3*r + 144. Suppose r*w - 2100 = 17*w. What are the prime factors of w?
2, 3, 5
Let t = 37 - 37. Suppose -2*q - q - 249 = t. Let r = 4 - q. What are the prime factors of r?
3, 29
Let u = -53 - -54. Let l be (12/u)/(-3) - -163. Suppose 0 = r, -3*r + l = o - 2*r. List the prime factors of o.
3, 53
Let v be ((-7)/14)/(10/6 + 2670/(-1620)). Let r(b) = -211*b**2 - 7*b + 8. Let j be r(-6). What are the prime factors of 6/v*3 - j/33?
2, 3, 19
Suppose -4*t + 3*r + 13577 = 0, 2*t + 3398 = 3*t - 2*r. What are the prime factors of t/14 - ((-120)/(-28) + -4)?
2, 11
Suppose -2*a + 28 = h + 8, 0 = 5*a + 2*h - 51. Suppose a*t = 7*t - 32. Let p(w) = -w**3 - 8*w**2 + w + 10. List the prime factors of p(t).
2
Suppose -4*o + 340 = 4*n - 516, 4*n = -3*o + 638. Suppose o*b - 214*b - 2372 = 0. List the prime factors of b.
593
Let j = 1981 - -24587. What are the prime factors of j?
2, 3, 41
Let l be ((-1)/2*17)/((-37)/(-1258)). Let p = l - -801. List the prime factors of p.
2
Let c(q) be the third derivative of 0 + 0*q - 15*q**2 + 1/24*q**4 + 1/6*q**3. What are the prime factors of c(8)?
3
Let w = -102 + 117. List the prime factors of (w/(-9))/(-5) - (-7684)/51.
151
Suppose 0 = 3*k - 3*v - 20424, -5*v - 20414 = -129*k + 126*k. What are the prime factors of k?
3, 757
Suppose 0 = 32*y - 31*y + 2*r + 3, -y - 3*r = 6. List the prime factors of -2 + y + 7 + 177.
5, 37
Let j = -53 + 54. Suppose 5 = 2*y - j. Suppose 65 = s - y. What are the prime factors of s?
2, 17
Let j(q) = q**3 - 10*q**2 + 271*q + 13. What are the prime factors of j(19)?
13, 647
Let d = 89 + -82. Suppose 42 + 322 = d*j. Suppose -18 - 23 = -2*h - z, 4*h - j = 4*z. List the prime factors of h.
2, 3
What are the prime factors of (-2)/(-8) + 39447/36 + 16?
2, 139
Suppose -7*w = 4*w + 33. Let c be ((-290)/(-26) - (-10)/(-65)) + w. Suppose 0 = 5*h + c - 243. List the prime factors of h.
47
Suppose -3*d + 1093 = -x, -5*d + 3*x - 4*x = -1811. Suppose 15*t = 7*t + 1816. Let g = d - t. List the prime factors of g.
2, 17
Let x(k) = -3*k + 121. Let g be x(-7). What are the prime factors of (552/23)/(4/g)?
2, 3, 71
Let p = -136 + 138. Suppose 3*r - 374 = -2*k + 645, 0 = -p*k - 4. List the prime factors of r.
11, 31
Let g(i) = 5*i**2 + 38*i - 16 + 3 - 18 + 6. List the prime factors of g(-12).
239
What are the prime factors of (-1 - (-212)/(-8))*32538/(-85)?
3, 11, 29
Suppose 0 = -3*o - 73*m + 68*m + 134625, -5*o - 3*m = -224359. List the prime factors of o.
2, 5, 7, 641
Let d be 3916/(-110) - 2/5. What are the prime factors of (1278/d)/(3/(-150))?
5, 71
List the prime factors of